{"id":380,"date":"2017-07-29T19:18:22","date_gmt":"2017-07-29T18:18:22","guid":{"rendered":"https:\/\/boscoville.uqam.ca\/?page_id=380"},"modified":"2017-08-23T06:23:00","modified_gmt":"2017-08-23T05:23:00","slug":"banlieue","status":"publish","type":"page","link":"https:\/\/boscoville.uqam.ca\/index.php\/sujet\/banlieue\/","title":{"rendered":"Arriver \u00e0 Boscoville : le s\u00e9jour en \u00ab\u00a0banlieue\u00a0\u00bb"},"content":{"rendered":"<p>[vc_row][vc_column][vc_empty_space height=\u00a0\u00bb100px\u00a0\u00bb][\/vc_column][\/vc_row][vc_row][vc_column el_class=\u00a0\u00bbalign-center\u00a0\u00bb]<div class=\"trinity-box box-white  animated\" data-fx=\"fadeInUpBig\">\n                  <span><span class=\"\">Arriver \u00e0 Boscoville : le s\u00e9jour en \u00ab banlieue \u00bb<\/span><\/span>\n                <\/div>[\/vc_column][\/vc_row][vc_row][vc_column]<div class=\"text-center  liner- liner-\" ><span class=\"dark-bg\"><\/span><\/div>[\/vc_column][\/vc_row][vc_row][vc_column][vc_empty_space height=\u00a0\u00bb100px\u00a0\u00bb][\/vc_column][\/vc_row][vc_row][vc_column][\/vc_column][\/vc_row][vc_row gap=\u00a0\u00bb20&Prime; equal_height=\u00a0\u00bbyes\u00a0\u00bb content_placement=\u00a0\u00bbtop\u00a0\u00bb css=\u00a0\u00bb.vc_custom_1502579318018{margin-right: 50px !important;margin-left: 50px !important;}\u00a0\u00bb][vc_column width=\u00a0\u00bb2\/3&Prime;][vc_single_image image=\u00a0\u00bb386&Prime; img_size=\u00a0\u00bb600&#215;547&Prime; add_caption=\u00a0\u00bbyes\u00a0\u00bb alignment=\u00a0\u00bbcenter\u00a0\u00bb style=\u00a0\u00bbvc_box_rounded\u00a0\u00bb css_animation=\u00a0\u00bbleft-to-right\u00a0\u00bb][\/vc_column][vc_column width=\u00a0\u00bb1\/3&Prime;][vc_column_text css=\u00a0\u00bb.vc_custom_1501445158794{margin-left: -50px !important;}\u00a0\u00bb]<big><span style=\"color: #ffffff;\">Quand un jeune arrivait \u00e0 l\u2019internat de Rivi\u00e8re-des-Prairies, il \u00e9tait accueilli en clinique d\u2019observation appel\u00e9e \u00ab\u00a0la banlieue\u00a0\u00bb de Boscoville. Le centre se targuait d\u2019\u00eatre \u00ab\u00a0sans cl\u00f4ture ni barreau\u00a0\u00bb, mais sa banlieue \u00e9tait pourvue d\u2019installations s\u00e9curitaires. C\u2019\u00e9tait un choc pour certains d\u2019y mettre les pieds&#8230; Pendant les premi\u00e8res d\u00e9cennies, on demandait aux arrivants d\u2019abandonner leur uniforme de \u00ab\u00a0bum\u00a0\u00bb \u2014 cha\u00eenes, bottillons, etc. \u2014 pour rev\u00eatir le t-shirt, le jean et les espadrilles de l\u2019adolescent jug\u00e9 \u00ab\u00a0normal\u00a0\u00bb. Ressentie parfois comme une violation de leur identit\u00e9, la proc\u00e9dure voulait signifier, entre autres, que les gars \u00e9taient tous \u00e9gaux dans la cit\u00e9. L\u2019approche fut abandonn\u00e9e par la suite, jug\u00e9e trop invasive&#8230;<br \/>\n<\/span><\/big><\/p>\n<p>&nbsp;<\/p>\n<p><big><span style=\"color: #ffffff;\">Au cours des ann\u00e9es o\u00f9 la th\u00e9orie des \u00e9tapes de la r\u00e9\u00e9ducation \u00e9tait en vigueur, la banlieue correspondait \u00e0 la premi\u00e8re phase dite de \u00ab l\u2019accommodation \u00bb. En principe, le sujet faisait alors une premi\u00e8re exp\u00e9rience de vie apais\u00e9e et ordonn\u00e9e, en se familiarisant avec l\u2019\u00e9quipe d\u2019\u00e9ducateurs et avec l\u2019ensemble des r\u00e8gles de fonctionnement de l\u2019endroit. Un cadre s\u00e9curisant devait faciliter la ma\u00eetrise des pulsions et permettre un premier d\u00e9conditionnement.<br \/>\n<\/span><\/big><\/p>\n<p>&nbsp;<\/p>\n<p><big><span style=\"color: #ffffff;\">Certains anciens racontent avoir trouv\u00e9 l\u2019exp\u00e9rience de la banlieue difficile. Ils s\u2019y sentaient s\u00e9questr\u00e9s, vuln\u00e9rables&#8230; Des gars avaient le sentiment d\u2019entrer en prison. D\u2019autres ont v\u00e9cu leur arriv\u00e9e \u00e0 Boscoville de mani\u00e8re plus sereine&#8230;<br \/>\n<\/span><\/big>[\/vc_column_text][\/vc_column][\/vc_row][vc_row][vc_column][vc_empty_space height=\u00a0\u00bb100px\u00a0\u00bb][\/vc_column][\/vc_row]<\/p>\n","protected":false},"excerpt":{"rendered":"<p>[vc_row][vc_column][vc_empty_space height=\u00a0\u00bb100px\u00a0\u00bb][\/vc_column][\/vc_row][vc_row][vc_column el_class=\u00a0\u00bbalign-center\u00a0\u00bb][\/vc_column][\/vc_row][vc_row][vc_column][\/vc_column][\/vc_row][vc_row][vc_column][vc_empty_space height=\u00a0\u00bb100px\u00a0\u00bb][\/vc_column][\/vc_row][vc_row][vc_column][\/vc_column][\/vc_row][vc_row gap=\u00a0\u00bb20&Prime; equal_height=\u00a0\u00bbyes\u00a0\u00bb content_placement=\u00a0\u00bbtop\u00a0\u00bb css=\u00a0\u00bb.vc_custom_1502579318018{margin-right: 50px !important;margin-left: 50px !important;}\u00a0\u00bb][vc_column width=\u00a0\u00bb2\/3&Prime;][vc_single_image image=\u00a0\u00bb386&Prime; img_size=\u00a0\u00bb600&#215;547&Prime; add_caption=\u00a0\u00bbyes\u00a0\u00bb alignment=\u00a0\u00bbcenter\u00a0\u00bb style=\u00a0\u00bbvc_box_rounded\u00a0\u00bb css_animation=\u00a0\u00bbleft-to-right\u00a0\u00bb][\/vc_column][vc_column width=\u00a0\u00bb1\/3&Prime;][vc_column_text css=\u00a0\u00bb.vc_custom_1501445158794{margin-left: -50px !important;}\u00a0\u00bb]Quand un jeune arrivait \u00e0 l\u2019internat de Rivi\u00e8re-des-Prairies, il \u00e9tait accueilli en clinique d\u2019observation appel\u00e9e \u00ab\u00a0la banlieue\u00a0\u00bb de Boscoville. Le centre se targuait d\u2019\u00eatre \u00ab\u00a0sans cl\u00f4ture ni barreau\u00a0\u00bb, mais sa banlieue \u00e9tait pourvue [&hellip;]<\/p>\n","protected":false},"author":5,"featured_media":0,"parent":281,"menu_order":4,"comment_status":"closed","ping_status":"closed","template":"full-width-page.php","meta":{"footnotes":""},"class_list":["post-380","page","type-page","status-publish","hentry"],"_links":{"self":[{"href":"https:\/\/boscoville.uqam.ca\/index.php\/wp-json\/wp\/v2\/pages\/380","targetHints":{"allow":["GET"]}}],"collection":[{"href":"https:\/\/boscoville.uqam.ca\/index.php\/wp-json\/wp\/v2\/pages"}],"about":[{"href":"https:\/\/boscoville.uqam.ca\/index.php\/wp-json\/wp\/v2\/types\/page"}],"author":[{"embeddable":true,"href":"https:\/\/boscoville.uqam.ca\/index.php\/wp-json\/wp\/v2\/users\/5"}],"replies":[{"embeddable":true,"href":"https:\/\/boscoville.uqam.ca\/index.php\/wp-json\/wp\/v2\/comments?post=380"}],"version-history":[{"count":31,"href":"https:\/\/boscoville.uqam.ca\/index.php\/wp-json\/wp\/v2\/pages\/380\/revisions"}],"predecessor-version":[{"id":827,"href":"https:\/\/boscoville.uqam.ca\/index.php\/wp-json\/wp\/v2\/pages\/380\/revisions\/827"}],"up":[{"embeddable":true,"href":"https:\/\/boscoville.uqam.ca\/index.php\/wp-json\/wp\/v2\/pages\/281"}],"wp:attachment":[{"href":"https:\/\/boscoville.uqam.ca\/index.php\/wp-json\/wp\/v2\/media?parent=380"}],"curies":[{"name":"wp","href":"https:\/\/api.w.org\/{rel}","templated":true}]}}

Arriver à Boscoville : le séjour en « banlieue »

<p>[vc_row][vc_column][vc_empty_space height= »100px »][/vc_column][/vc_row][vc_row][vc_column el_class= »align-center »]<div class="trinity-box box-white  animated" data-fx="fadeInUpBig">
                  <span><span class="">Arriver à Boscoville : le séjour en « banlieue »</span></span>
                </div>[/vc_column][/vc_row][vc_row][vc_column]<div class="text-center  liner- liner-" ><span class="dark-bg"></span></div>[/vc_column][/vc_row][vc_row][vc_column][vc_empty_space height= »100px »][/vc_column][/vc_row][vc_row][vc_column][/vc_column][/vc_row][vc_row gap= »20&Prime; equal_height= »yes » content_placement= »top » css= ».vc_custom_1502579318018{margin-right: 50px !important;margin-left: 50px !important;} »][vc_column width= »2/3&Prime;][vc_single_image image= »386&Prime; img_size= »600&#215;547&Prime; add_caption= »yes » alignment= »center » style= »vc_box_rounded » css_animation= »left-to-right »][/vc_column][vc_column width= »1/3&Prime;][vc_column_text css= ».vc_custom_1501445158794{margin-left: -50px !important;} »]<big><span style="color: #ffffff;">Quand un jeune arrivait à l’internat de Rivière-des-Prairies, il était accueilli en clinique d’observation appelée « la banlieue » de Boscoville. Le centre se targuait d’être « sans clôture ni barreau », mais sa banlieue était pourvue d’installations sécuritaires. C’était un choc pour certains d’y mettre les pieds&#8230; Pendant les premières décennies, on demandait aux arrivants d’abandonner leur uniforme de « bum » — chaînes, bottillons, etc. — pour revêtir le t-shirt, le jean et les espadrilles de l’adolescent jugé « normal ». Ressentie parfois comme une violation de leur identité, la procédure voulait signifier, entre autres, que les gars étaient tous égaux dans la cité. L’approche fut abandonnée par la suite, jugée trop invasive&#8230;<br />
</span></big></p>
<p>&nbsp;</p>
<p><big><span style="color: #ffffff;">Au cours des années où la théorie des étapes de la rééducation était en vigueur, la banlieue correspondait à la première phase dite de « l’accommodation ». En principe, le sujet faisait alors une première expérience de vie apaisée et ordonnée, en se familiarisant avec l’équipe d’éducateurs et avec l’ensemble des règles de fonctionnement de l’endroit. Un cadre sécurisant devait faciliter la maîtrise des pulsions et permettre un premier déconditionnement.<br />
</span></big></p>
<p>&nbsp;</p>
<p><big><span style="color: #ffffff;">Certains anciens racontent avoir trouvé l’expérience de la banlieue difficile. Ils s’y sentaient séquestrés, vulnérables&#8230; Des gars avaient le sentiment d’entrer en prison. D’autres ont vécu leur arrivée à Boscoville de manière plus sereine&#8230;<br />
</span></big>[/vc_column_text][/vc_column][/vc_row][vc_row][vc_column][vc_empty_space height= »100px »][/vc_column][/vc_row]</p>

<p>[vc_row][vc_column][vc_empty_space height= »100px »][/vc_column][/vc_row][vc_row][vc_column el_class= »align-center »][/vc_column][/vc_row][vc_row][vc_column][/vc_column][/vc_row][vc_row][vc_column][vc_empty_space height= »100px »][/vc_column][/vc_row][vc_row][vc_column][/vc_column][/vc_row][vc_row gap= »20&Prime; equal_height= »yes » content_placement= »top » css= ».vc_custom_1502579318018{margin-right: 50px !important;margin-left: 50px !important;} »][vc_column width= »2/3&Prime;][vc_single_image image= »386&Prime; img_size= »600&#215;547&Prime; add_caption= »yes » alignment= »center » style= »vc_box_rounded » css_animation= »left-to-right »][/vc_column][vc_column width= »1/3&Prime;][vc_column_text css= ».vc_custom_1501445158794{margin-left: -50px !important;} »]Quand un jeune arrivait à l’internat de Rivière-des-Prairies, il était accueilli en clinique d’observation appelée « la banlieue » de Boscoville. Le centre se targuait d’être « sans clôture ni barreau », mais sa banlieue était pourvue [&hellip;]</p>
