{"id":696,"date":"2017-08-22T00:36:10","date_gmt":"2017-08-21T23:36:10","guid":{"rendered":"https:\/\/boscoville.uqam.ca\/?page_id=696"},"modified":"2017-08-23T06:08:48","modified_gmt":"2017-08-23T05:08:48","slug":"presentation-du-projet-de-recherche","status":"publish","type":"page","link":"https:\/\/boscoville.uqam.ca\/index.php\/sujet6\/presentation-du-projet-de-recherche\/","title":{"rendered":"Pr\u00e9sentation du projet de recherche"},"content":{"rendered":"<p>[vc_row][vc_column][vc_empty_space height=\u00a0\u00bb40px\u00a0\u00bb][\/vc_column][\/vc_row][vc_row][vc_column width=\u00a0\u00bb5\/6&Prime; el_class=\u00a0\u00bbalign-center\u00a0\u00bb]<div class=\"trinity-box box-dark  animated\" data-fx=\"fadeInUpBig\">\n                  <span><span class=\"\">Pr\u00e9sentation du projet de recherche et aper\u00e7u m\u00e9thodologique<\/span><\/span>\n                <\/div>[\/vc_column][vc_column width=\u00a0\u00bb1\/6&Prime;][\/vc_column][\/vc_row][vc_row][vc_column][vc_empty_space height=\u00a0\u00bb70px\u00a0\u00bb][\/vc_column][\/vc_row][vc_row][vc_column][vc_toggle title=\u00a0\u00bbPr\u00e9sentation du projet de recherche\u00a0\u00bb style=\u00a0\u00bbsimple\u00a0\u00bb color=\u00a0\u00bbblack\u00a0\u00bb el_id=\u00a0\u00bb1503426250717-a551b002-847f\u00a0\u00bb]Ce site s\u2019inscrit dans un projet de recherche sur l\u2019histoire Boscoville dirig\u00e9 par l\u2019historienne Louise Bienvenue. Il met en valeur une trentaine de t\u00e9moignages r\u00e9colt\u00e9s dans le cadre d\u2019une enqu\u00eate orale men\u00e9e entre 2012 et 2015. Formul\u00e9s plusieurs ann\u00e9es apr\u00e8s la fermeture de l\u2019internat, ces r\u00e9cits nous \u00e9clairent sur l\u2019exp\u00e9rience de Boscoville et sur les traces m\u00e9morielles qu\u2019elle a laiss\u00e9es.\u00a0En plus de soupeser les effets \u00e0 long terme des innovations th\u00e9rapeutiques mises de l\u2019avant au sein du centre de la Rivi\u00e8re des Prairies, notre enqu\u00eate vise \u00e0 consigner pour les g\u00e9n\u00e9rations \u00e0 venir la m\u00e9moire d\u2019une institution qu\u00e9b\u00e9coise unique, qui a marqu\u00e9 la seconde moiti\u00e9 du XX<sup>e<\/sup>\u00a0si\u00e8cle.[\/vc_toggle][vc_toggle title=\u00a0\u00bbBrefs rep\u00e8res m\u00e9thodologiques\u00a0\u00bb style=\u00a0\u00bbsimple\u00a0\u00bb color=\u00a0\u00bbblack\u00a0\u00bb el_id=\u00a0\u00bb1503427026606-1205cdb7-47f5&Prime;]<span style=\"color: #363636;\">Pour retracer l\u2019histoire de Boscoville, les archives \u00e9crites sont utiles mais bien incompl\u00e8tes. Il faut aussi tendre l\u2019oreille vers ceux et celles qui ont v\u00e9cu Boscoville. Profitant de ce que plusieurs d\u2019entre eux \u00e9taient encore vivants, nous avons chercher \u00e0 r\u00e9colter leurs souvenirs. L\u2019enqu\u00eate a rejoint des anciens \u00e9ducateurs ainsi que d\u2019anciens r\u00e9sidents de Boscoville en vue de dresser un portrait global de la relation d\u2019aide. Entre 2012 et 2015 principalement, nous avons men\u00e9 29 entretiens, soit 13 avec des pionniers et des psycho\u00e9ducateurs du Centre, et 16 avec d\u2019anciens pensionnaires (voir les tableaux des t\u00e9moins).<\/span><\/p>\n<p>&nbsp;<\/p>\n<p><span style=\"color: #363636;\">Optant pour une approche qualitative, nous ne pouvions pas viser la repr\u00e9sentativit\u00e9 statistique. Pour autant, nous avons tent\u00e9 de recueillir la plus grande vari\u00e9t\u00e9 d\u2019exp\u00e9riences possible. Afin de rejoindre les anciens, une invitation g\u00e9n\u00e9rale fut lanc\u00e9e sur Facebook ainsi que sur un site Web con\u00e7u pour l\u2019occasion\u00a0: la grande majorit\u00e9 de nos r\u00e9pondants ont \u00e9t\u00e9 recrut\u00e9s ainsi. Nous avons aussi contact\u00e9 l\u2019Association des services de r\u00e9habilitation sociale du Qu\u00e9bec pour rep\u00e9rer d\u2019autres anciens r\u00e9sidents. Enfin, les r\u00e9seaux informels d\u2019anciens psycho\u00e9ducateurs et d\u2019anciens \u00ab\u00a0citoyens\u00a0\u00bb de Boscoville ont facilit\u00e9 la prise de contact avec quelques-uns de nos t\u00e9moins.<\/span><\/p>\n<p>&nbsp;<\/p>\n<p><span style=\"color: #363636;\">Nos entretiens semi-dirig\u00e9s furent d\u2019une dur\u00e9e moyenne d\u2019une heure quinze chacun. La plupart ont eu lieu sur le site m\u00eame de Boscoville afin de stimuler la r\u00e9surgence m\u00e9morielle. La vaste majorit\u00e9 a aussi fait l\u2019objet d\u2019une captation vid\u00e9o. Le mat\u00e9riel r\u00e9colt\u00e9, on s\u2019en doute, comporte des biais, malgr\u00e9 nos efforts pour favoriser sa diversification. On constate, par exemple, que la plupart des anciens rencontr\u00e9s ont conserv\u00e9 un souvenir assez positif de leur passage par Boscoville. La recherche comporte ainsi son angle mort\u00a0: combien parmi ceux et celles qui n\u2019ont pas r\u00e9pondu \u00e0 notre appel ont des souvenirs n\u00e9gatifs, voire douloureux, de l\u2019institution ? Pour cette raison, on ne peut affirmer que les t\u00e9moignages r\u00e9colt\u00e9s sont\u00a0<em>repr\u00e9sentatifs<\/em>\u00a0en tous points de l\u2019exp\u00e9rience des anciens. Hautement\u00a0<em>significatifs<\/em>, ils permettent n\u00e9anmoins de raconter\u00a0<em>une<\/em>\u00a0histoire de Boscoville aux accents particuli\u00e8rement vibrants.<\/span>[\/vc_toggle][vc_toggle title=\u00a0\u00bbPr\u00e9servation de la base de donn\u00e9es\u00a0\u00bb style=\u00a0\u00bbsimple\u00a0\u00bb color=\u00a0\u00bbblack\u00a0\u00bb el_id=\u00a0\u00bb1503427298668-a47e2249-b36f\u00a0\u00bb]Ces entretiens individuels ont \u00e9t\u00e9 r\u00e9alis\u00e9s en conformit\u00e9 avec les normes \u00e9thiques de l\u2019Universit\u00e9 de Sherbrooke. Afin de pr\u00e9server la m\u00e9moire de Boscoville, les enregistrements seront prochainement vers\u00e9s dans la base de donn\u00e9es num\u00e9ris\u00e9es du Centre interuniversitaire d\u2019\u00e9tudes qu\u00e9b\u00e9coises (CIEQ). En vertu du formulaire de consentement sign\u00e9 par nos t\u00e9moins, leur acc\u00e8s sera restreint et r\u00e9serv\u00e9 uniquement aux fins de recherche. La consultation devra \u00eatre autoris\u00e9e par la professeure Louise Bienvenue.[\/vc_toggle][\/vc_column][\/vc_row][vc_row][vc_column][vc_empty_space height=\u00a0\u00bb100px\u00a0\u00bb][\/vc_column][\/vc_row]<\/p>\n","protected":false},"excerpt":{"rendered":"<p>[vc_row][vc_column][vc_empty_space height=\u00a0\u00bb40px\u00a0\u00bb][\/vc_column][\/vc_row][vc_row][vc_column width=\u00a0\u00bb5\/6&Prime; el_class=\u00a0\u00bbalign-center\u00a0\u00bb][\/vc_column][vc_column width=\u00a0\u00bb1\/6&Prime;][\/vc_column][\/vc_row][vc_row][vc_column][vc_empty_space height=\u00a0\u00bb70px\u00a0\u00bb][\/vc_column][\/vc_row][vc_row][vc_column][vc_toggle title=\u00a0\u00bbPr\u00e9sentation du projet de recherche\u00a0\u00bb style=\u00a0\u00bbsimple\u00a0\u00bb color=\u00a0\u00bbblack\u00a0\u00bb el_id=\u00a0\u00bb1503426250717-a551b002-847f\u00a0\u00bb]Ce site s\u2019inscrit dans un projet de recherche sur l\u2019histoire Boscoville dirig\u00e9 par l\u2019historienne Louise Bienvenue. Il met en valeur une trentaine de t\u00e9moignages r\u00e9colt\u00e9s dans le cadre d\u2019une enqu\u00eate orale men\u00e9e entre 2012 et 2015. Formul\u00e9s plusieurs ann\u00e9es apr\u00e8s la fermeture [&hellip;]<\/p>\n","protected":false},"author":5,"featured_media":0,"parent":693,"menu_order":44,"comment_status":"closed","ping_status":"closed","template":"split-layout-page.php","meta":{"footnotes":""},"class_list":["post-696","page","type-page","status-publish","hentry"],"_links":{"self":[{"href":"https:\/\/boscoville.uqam.ca\/index.php\/wp-json\/wp\/v2\/pages\/696","targetHints":{"allow":["GET"]}}],"collection":[{"href":"https:\/\/boscoville.uqam.ca\/index.php\/wp-json\/wp\/v2\/pages"}],"about":[{"href":"https:\/\/boscoville.uqam.ca\/index.php\/wp-json\/wp\/v2\/types\/page"}],"author":[{"embeddable":true,"href":"https:\/\/boscoville.uqam.ca\/index.php\/wp-json\/wp\/v2\/users\/5"}],"replies":[{"embeddable":true,"href":"https:\/\/boscoville.uqam.ca\/index.php\/wp-json\/wp\/v2\/comments?post=696"}],"version-history":[{"count":17,"href":"https:\/\/boscoville.uqam.ca\/index.php\/wp-json\/wp\/v2\/pages\/696\/revisions"}],"predecessor-version":[{"id":781,"href":"https:\/\/boscoville.uqam.ca\/index.php\/wp-json\/wp\/v2\/pages\/696\/revisions\/781"}],"up":[{"embeddable":true,"href":"https:\/\/boscoville.uqam.ca\/index.php\/wp-json\/wp\/v2\/pages\/693"}],"wp:attachment":[{"href":"https:\/\/boscoville.uqam.ca\/index.php\/wp-json\/wp\/v2\/media?parent=696"}],"curies":[{"name":"wp","href":"https:\/\/api.w.org\/{rel}","templated":true}]}}